{"id":2509,"date":"2025-08-22T14:51:03","date_gmt":"2025-08-22T12:51:03","guid":{"rendered":"https:\/\/thejackdrop.fr\/?page_id=2509"},"modified":"2026-04-10T17:38:34","modified_gmt":"2026-04-10T15:38:34","slug":"agave-chronicles-tous-les-magazines","status":"publish","type":"page","link":"https:\/\/thejackdrop.fr\/index.php\/agave-chronicles-tous-les-magazines\/","title":{"rendered":"Agave Chronicles &#8211; Tous les magazines"},"content":{"rendered":"\n<p>Je vous propose tous les trimestres un petit magazine sur le monde de l&rsquo;agave, co-\u00e9crit avec Clara !<\/p>\n\n\n\n<ul class=\"wp-block-list\">\n<li><a href=\"https:\/\/thejackdrop.fr\/index.php\/2025\/08\/20\/agave-chronicles-n1-le-magazine\/\" title=\"\">Edition N\u00b01<\/a> : Premier essai, Cinco de Mayo, Fortaleza<\/li>\n\n\n\n<li><a href=\"https:\/\/thejackdrop.fr\/index.php\/2025\/08\/22\/agave-chronicles-n2-ocho-cascahuin-mixto-cinco-sentidos\/\" title=\"\">Edition N\u00b02<\/a> : Ocho, Cascahu\u00edn, Mixto &amp; Cinco Sentidos<\/li>\n\n\n\n<li><a href=\"https:\/\/thejackdrop.fr\/index.php\/2026\/01\/09\/agave-chronicles-n3-mezcal-raicilla-voyages\/\" title=\"\">Edition N\u00b03<\/a> : Education sur les spiritueux d&rsquo;agaves mexicains, Raicilla, et autres d\u00e9gustations<\/li>\n\n\n\n<li><a href=\"https:\/\/thejackdrop.fr\/index.php\/2026\/04\/10\/agave-chronicles-n4-viva-agave-festival-sotol-distillats-dagaves\/\" title=\"\">Edition N\u00b04<\/a> : Viva Agave festival, ENTREMANOS tequila, NETA et sa communaut\u00e9, l&rsquo;\u00e2me du sotol \u00e0 travers Cardenxe, rencontre avec Ni\u00f1o Sin Amor.<\/li>\n<\/ul>\n\n\n\n<p>N&rsquo;h\u00e9sitez pas \u00e0 partager, faire des retours, c&rsquo;est un format qui prend un certain temps (surtout quand on ne laisse pas l&rsquo;IA \u00e9crire \u00e0 sa place \ud83d\ude0f).<\/p>\n\n\n\n<p><strong>Merci de votre lecture !<\/strong><\/p>\n","protected":false},"excerpt":{"rendered":"<p>Je vous propose tous les trimestres un petit magazine sur le monde de l&rsquo;agave, co-\u00e9crit avec Clara ! N&rsquo;h\u00e9sitez pas \u00e0 partager, faire des retours, c&rsquo;est un format qui prend un certain temps (surtout quand on ne laisse pas l&rsquo;IA \u00e9crire \u00e0 sa place \ud83d\ude0f). Merci de votre lecture !<\/p>\n","protected":false},"author":1,"featured_media":0,"parent":0,"menu_order":0,"comment_status":"closed","ping_status":"closed","template":"","meta":{"om_disable_all_campaigns":false,"_monsterinsights_skip_tracking":false,"_monsterinsights_sitenote_active":false,"_monsterinsights_sitenote_note":"","_monsterinsights_sitenote_category":0,"footnotes":""},"class_list":["post-2509","page","type-page","status-publish","hentry"],"aioseo_notices":[],"_links":{"self":[{"href":"https:\/\/thejackdrop.fr\/index.php\/wp-json\/wp\/v2\/pages\/2509","targetHints":{"allow":["GET"]}}],"collection":[{"href":"https:\/\/thejackdrop.fr\/index.php\/wp-json\/wp\/v2\/pages"}],"about":[{"href":"https:\/\/thejackdrop.fr\/index.php\/wp-json\/wp\/v2\/types\/page"}],"author":[{"embeddable":true,"href":"https:\/\/thejackdrop.fr\/index.php\/wp-json\/wp\/v2\/users\/1"}],"replies":[{"embeddable":true,"href":"https:\/\/thejackdrop.fr\/index.php\/wp-json\/wp\/v2\/comments?post=2509"}],"version-history":[{"count":4,"href":"https:\/\/thejackdrop.fr\/index.php\/wp-json\/wp\/v2\/pages\/2509\/revisions"}],"predecessor-version":[{"id":3297,"href":"https:\/\/thejackdrop.fr\/index.php\/wp-json\/wp\/v2\/pages\/2509\/revisions\/3297"}],"wp:attachment":[{"href":"https:\/\/thejackdrop.fr\/index.php\/wp-json\/wp\/v2\/media?parent=2509"}],"curies":[{"name":"wp","href":"https:\/\/api.w.org\/{rel}","templated":true}]}}